*q(k) + a(k). Determine c(t).
-1
Let x(h) = -h + 3. Let s(c) = 2*c - 7. Let z(q) = -6*s(q) - 13*x(q). Calculate z(3).
6
Let w(x) be the first derivative of x**2 + 3 + 1/4*x**4 - x - 4/3*x**3. What is w(3)?
-4
Let l(o) = -o**2 - 6*o - 7. Let z = -18 - -33. Suppose 5*p + z = -15. Calculate l(p).
-7
Suppose -4*x = -5*t, 2*x - 8*t = -4*t. Let c(r) = r - 8. Calculate c(x).
-8
Let q = -2 - -6. Let l(g) = -2 - 5 + q - 2*g**2 + 2. Calculate l(1).
-3
Let d be 0/(0/2 + 2). Let x be (16 - 2)/(d - -2). Let h(z) = -z - x*z + z. Give h(-1).
7
Let t(p) = -p**2 + 9*p + 10. Let u be t(10). Suppose u*c - 2 = -2*c. Let o(y) = -y**2 + y + 1. Determine o(c).
1
Let y(m) = 3*m - 2. Let d(p) = 7*p - 4. Let r(q) = -4*d(q) + 10*y(q). What is r(6)?
8
Suppose -3*b + 13 = 4. Let t(l) = -2*l**2 + 2*l - 2. Determine t(b).
-14
Let b(t) be the first derivative of 1/3*t**3 + 1/2*t**2 + 3 + 0*t. Give b(1).
2
Let v(d) = -d**2 + 2*d - 9. Let o(y) = -y + y**2 + 2 - 3 + 7 + 4. Let f(q) = 4*o(q) + 5*v(q). Let j be -2 + (7 - 0/(-1)). Give f(j).
0
Let o be (-4)/18 - 43/9. Let m(w) be the third derivative of w**5/60 + w**4/4 + 7*w**3/6 - 15*w**2. Determine m(o).
2
Let y(t) be the third derivative of t**6/120 - t**5/10 + 5*t**4/24 + 2*t**3/3 - 13*t**2. Give y(4).
-8
Let j be (-1 + 1)*3/(-6). Suppose 4*l = -j*h + 3*h - 16, 0 = l + 1. Let c(d) be the second derivative of d**5/20 - d**4/3 + d**3/2 - 2*d**2 - d. Calculate c(h).
8
Suppose -4*s = 4*o - 4, 3*s - 7 = s - o. Let f(u) = -3*u + 7. What is f(s)?
-11
Let g(q) = q - 7. Suppose 0 = -4*h + 2*h + 48. Suppose 3*m - 3*x - h = 0, 2*m - 3*m = 5*x + 10. Determine g(m).
-2
Let p be -3 + 4 - 1*-1. Let d be -1 + 6*p/3. Let z(b) = 2*b + b**2 - 2*b**2 + d - 5. What is z(2)?
-2
Let b(k) = k + 1. Suppose -3*h + 5 = 23. What is b(h)?
-5
Let i(v) = v**2 + 6*v + 2. Suppose -5*m - 7 = 23. What is i(m)?
2
Suppose 7 = 3*i - 2*f - 3*f, i + 4*f - 8 = 0. Let r(u) = -u**2 + 4*u + 4. Give r(i).
4
Suppose c + 10 = 2*n, -3*c - 20 = 2*c. Let t(d) = -d**n - 2 + 0*d + 1 - 3*d - 2*d**2. Suppose 2*p + 0 + 4 = 0. Give t(p).
5
Suppose 0 = 5*a + 2*h + 1 + 14, 30 = -5*a + h. Let n(c) = -2*c + 3*c + c - 3*c. Determine n(a).
5
Suppose -4*x + 7*x - 15 = 0. Let a(z) be the first derivative of -z**2 + 2*z + 5. Give a(x).
-8
Let x(k) = 2*k. Let r(t) = -t + 3. Let j be r(0). Suppose 0 = -5*n + 3 + 2. Suppose n = -2*a + j. Calculate x(a).
2
Let l(r) = r**3 + 3*r**2 - r - 2. Suppose -3*s = -3, 3*w + 5*s = -6 + 2. Calculate l(w).
1
Suppose 25 = 5*r, -19 = -m - 0*m - 3*r. Let i(v) = v - 3*v - v + m*v. Give i(1).
1
Let z(b) = -b**3 - b**2 + b + 1. Let s(n) = -5*n**3 - 2*n**2 + 9*n. Let x(i) = -s(i) + 4*z(i). What is x(3)?
-2
Let c be 40/7 - (-2)/7. Let x = -8 + c. Let m(q) = q + 3. Let o(w) = 2. Let a(u) = -5*m(u) + 6*o(u). Determine a(x).
7
Let u(m) = 3*m**3 + 2*m - 1. Let x be u(1). Let j(i) = -2*i + x*i - i + 0*i. What is j(-5)?
-5
Let o be ((6 - 3) + -2)*-3. Let u be -10*(12/8)/o. Let m(w) = -w**3 + 6*w**2 - 3*w - 6. Determine m(u).
4
Let t(u) = -2*u**2 - 2*u + 2. Let m(p) = -p**3 + 1 - 1 + 4*p - 5 + 3*p**2. Let b be m(4). Let k = b - -3. Give t(k).
-2
Suppose 1 + 8 = 3*c. Let q(p) be the second derivative of p**3/6 + 3*p**2/2 - 3*p. Let w(n) = n + 1. Let d(z) = -q(z) + 2*w(z). Determine d(c).
2
Let w(z) = 3*z + 5*z**2 - 2*z - 3*z + z. Calculate w(1).
4
Suppose 9 + 0 = -3*y. Let b(z) = 3*z**3 + 20*z**2 - 17*z + 5. Let h(j) = -j**3 - 7*j**2 + 6*j - 2. Let p(q) = -4*b(q) - 11*h(q). Give p(y).
-4
Let p(j) = 5*j**2 - j - 1. Suppose 8*u = 7*u + g + 5, 0 = 2*u + 3*g + 5. What is p(u)?
17
Suppose -6 + 0 = 6*p. Let d(n) = 11*n**3. Give d(p).
-11
Let k(x) = -x**2 + x + 5 + 0*x + 0*x. Let v = 44 - 44. Calculate k(v).
5
Let y(r) = r - 6. Let s(k) = k**3 + 6*k**2 - 2*k - 1. Let q be s(-6). Suppose -3*j + 4 = -q. What is y(j)?
-1
Let y(g) be the third derivative of 0*g + g**2 + 1/120*g**6 + 1/12*g**5 - 1/24*g**4 - 2/3*g**3 + 0. Determine y(-5).
1
Let n(k) = 5*k**2 + k - 8. Let a(r) = -4*r**2 - r + 8. Let l(s) = -4*a(s) - 3*n(s). What is l(0)?
-8
Let d be (-4 + 14 - -4)/(2 + 0). Let y(f) = -f**2 + 4*f + 8. Calculate y(d).
-13
Let m(v) = -10*v**3 + 2*v - 1. Let i(w) = 9*w**3 - 2*w + 2. Let y(p) = 2*i(p) + 3*m(p). Let r be ((-12)/(-18))/(2/(-3)). Give y(r).
11
Let i(y) be the second derivative of -y**3/6 - 3*y**2/2 + 12*y. Give i(7).
-10
Suppose -j - 2*j + 6 = 0. Suppose h - 7 = -2*o, j*h - h - 5 = 0. Let r(m) = 5*m - 8*m - 9*m. What is r(o)?
-12
Suppose 0 = -3*b + 2*z + 13, -5 = -4*b - z + 5. Suppose 12 = 3*l - 3*k, -l + 3*k + 12 = -3*l. Suppose l*g - b*g = 3. Let f(x) = 2*x**2 - x. Determine f(g).
3
Suppose 46 = 5*l + 11. Suppose 0 = 3*b - 2 - l. Let g(v) = -3 + b + 1 - 3*v. Determine g(2).
-5
Let r(b) = b**2 + 5*b + 5. Suppose 0 = n - 5 + 9. Give r(n).
1
Let m = -4 - -8. Suppose -4*s - m = -4*z, -3*z + 5*z - 23 = -5*s. Let u(d) = 0 - d**3 + s*d**2 + 2*d**3 - 1 - 2*d. Calculate u(-3).
5
Let d be (0 - 15)/(4 + -3). Let b be d/6 + (-2)/4. Let i(v) = -v**2 - 5*v - 4. Determine i(b).
2
Let z(h) = h - 4. Let s be z(6). Suppose 3 + 1 = s*b. Let o(y) = 0*y**2 - y**b - 7*y + 2*y - 2. What is o(-3)?
4
Suppose 8*t + 21 = 3*t - 4*c, -c = t + 4. Let b(s) = 2*s**2 + 6*s. Give b(t).
20
Let k(h) = -2*h - 4. Let d = 10 + -16. Let t = -5 - d. Let z be -5 + 2 + t - 3. Determine k(z).
6
Let v(p) be the third derivative of -8*p**2 + 1/24*p**4 + 1/20*p**5 + 1/120*p**6 + 0 + 0*p - 1/3*p**3. What is v(-2)?
0
Let w(n) be the second derivative of n**5/10 + n**4/6 + n**3/6 + n**2 - n. Let v be 28/(-8) + (-6)/(-4). Give w(v).
-8
Let a(u) = -u**2 - u + 4. Let r be a(0). Let g(d) = d**2 - 6*d + 6. Let f(c) = 4*c**2 - 24*c + 24. Let i(b) = -2*f(b) + 9*g(b). Determine i(r).
-2
Let i(r) be the second derivative of -r**5/5 + r**4/12 + 2*r. Let h be (-2)/(-2 - 0) + -1. Suppose -3*t - 3 = -h*t. Calculate i(t).
5
Suppose 0 = -4*y + 4*p - 4, 0 = 2*p + 2*p + 12. Suppose -4*x = -x - 18. Let u(c) = 2 - x - c - c. Give u(y).
4
Let q(m) = m - 11. Let s(o) = -1. Let d(h) = -4*q(h) + 44*s(h). Let t(y) = y. Let j(f) = -d(f) - 8*t(f). Determine j(1).
-4
Let b(c) = 2*c - c - 5 - 2*c. Let i(f) = -f**3 - 6. Let y be i(0). Let r be b(y). Let p(g) = -g**2 - 2*g + 1. Determine p(r).
-2
Let q be (-22)/(-10) + (-1)/5. Let t(h) = h**3 + q - h + 4*h**3 - 3*h**3 + 2*h**2. Determine t(-2).
-4
Suppose -4*b = 4*v + 16, -2*v - 5 = b + 3. Suppose 3*k - 3*y = b, 5*y + 0*y = -k + 12. Suppose 5 = 3*x + k*x. Let h(d) = -2*d**3 + d**2 - d. Determine h(x).
-2
Let f(c) be the first derivative of c**4/4 - 5*c**3/3 - 4*c**2 + c - 2. What is f(6)?
-11
Suppose -s + 8 = s + 4*t, -t + 7 = -2*s. Let i(r) = 13*r + 3. What is i(s)?
-23
Let x(h) be the first derivative of -9*h**4/4 + h**3/3 + h**2 + h - 18. Let i be (-10)/8 - (-2)/8. Determine x(i).
9
Let d(j) = j**2 + 10*j + 5. Let l be d(-9). Let s = 7 + l. Suppose s*q = 4*q + 5. Let k(v) = -v - 1. What is k(q)?
4
Let f = -11 + 14. Suppose -f*v + 8 + 1 = 0. Let c(y) = y - 5. Let w(t) = -2*t + 9. Let s(o) = -7*c(o) - 4*w(o). Determine s(v).
2
Suppose m - 2*b = -m + 12, 4*b + 22 = 2*m. Let n(p) = -2*p**3 - p**2 + 1. What is n(m)?
-2
Let q(i) = -2*i**3 + 7*i**2 + 4*i + 5. Let h(p) = 3*p**3 - 13*p**2 - 7*p - 9. Let j(y) = 3*h(y) + 5*q(y). Determine j(-3).
-8
Let b(z) = z - 1. Let o be ((-2)/(-6))/(2/(-6)). Let i(j) = 2*j**2 + 4*j - 2. Let n be i(1). Let l = n + o. Give b(l).
2
Let s = 68 - 71. Let b(x) = -4*x**2 - 4*x - 1. Let d(o) = -3*o**2 - 4*o. Let n(y) = 2*b(y) - 3*d(y). Let m(z) be the first derivative of n(z). Calculate m(s).
-2
Let m(o) = -2*o**2 - 5*o + 3. Let j be -2*(-7)/((-21)/6). What is m(j)?
-9
Let q be 0 + (-1 - -2) - 1. Suppose 5*f - 25 = 3*d, 5*f = -5*d + 1 - 16. Let t(k) = 4 + 3 - f*k + 3*k + 0*k. Calculate t(q).
7
Let t(n) be the third derivative of -5/24*n**4 + 0 + 1/60*n**5 - 3*n**2 - 2/3*n**3 + 0*n. What is t(5)?
-4
Let j be -21*(-1 + (-20)/(-35)). Let a(x) be the first derivative of 2 + j*x - 1/2*x**2. What is a(5)?
4
Let d(y) be the first derivative of -y + 9 + y**3 - 4 + 0*y**3. What is d(-2)?
11
Suppose -2*t = 3*w - 0*w, -2*t = -5*w - 16. Let v(c) be the first derivative of -c**4/4 + 2*c**3/3 + 3*c**2/2 - 4*c + 3. Calculate v(t).
-4
Suppose 43*w - 39*w + 16 = 0. Let v(s) = s**2 + 4*s - 4. Give v(w).
-4
Let w(k) = -k**3 - 5*k**2 - 7*k - 5. Let x(v) = -v**2 + v - 5. Let p = 3 - 3. Let d be x